d by 11.
8
What is the remainder when 1885 is divided by 42?
37
What is the remainder when 809 is divided by 212?
173
What is the remainder when 1006 is divided by 56?
54
Calculate the remainder when 908 is divided by 184.
172
What is the remainder when 1293 is divided by 118?
113
Calculate the remainder when 829 is divided by 8.
5
Calculate the remainder when 542 is divided by 17.
15
What is the remainder when 22 is divided by 6?
4
What is the remainder when 512 is divided by 19?
18
Calculate the remainder when 117 is divided by 77.
40
What is the remainder when 573 is divided by 5?
3
What is the remainder when 190 is divided by 43?
18
What is the remainder when 139 is divided by 111?
28
What is the remainder when 520 is divided by 134?
118
What is the remainder when 8245 is divided by 223?
217
Calculate the remainder when 344 is divided by 82.
16
What is the remainder when 330 is divided by 20?
10
Calculate the remainder when 962 is divided by 29.
5
Calculate the remainder when 32 is divided by 28.
4
What is the remainder when 49 is divided by 15?
4
Calculate the remainder when 379 is divided by 37.
9
What is the remainder when 585 is divided by 278?
29
Calculate the remainder when 111 is divided by 40.
31
What is the remainder when 965 is divided by 44?
41
Calculate the remainder when 593 is divided by 24.
17
Calculate the remainder when 7502 is divided by 61.
60
Calculate the remainder when 338 is divided by 86.
80
What is the remainder when 3499 is divided by 145?
19
Calculate the remainder when 723 is divided by 217.
72
Calculate the remainder when 7954 is divided by 173.
169
What is the remainder when 51 is divided by 9?
6
What is the remainder when 703 is divided by 101?
97
What is the remainder when 105 is divided by 48?
9
What is the remainder when 3324 is divided by 22?
2
Calculate the remainder when 34 is divided by 6.
4
What is the remainder when 16282 is divided by 46?
44
Calculate the remainder when 538 is divided by 45.
43
What is the remainder when 874 is divided by 218?
2
What is the remainder when 43613 is divided by 13?
11
Calculate the remainder when 46 is divided by 28.
18
Calculate the remainder when 81 is divided by 21.
18
What is the remainder when 2260 is divided by 12?
4
Calculate the remainder when 283 is divided by 92.
7
What is the remainder when 3949 is divided by 79?
78
Calculate the remainder when 740 is divided by 23.
4
What is the remainder when 1176 is divided by 118?
114
Calculate the remainder when 568 is divided by 113.
3
Calculate the remainder when 18093 is divided by 50.
43
Calculate the remainder when 46 is divided by 20.
6
Calculate the remainder when 645 is divided by 201.
42
What is the remainder when 553 is divided by 80?
73
Calculate the remainder when 268 is divided by 59.
32
Calculate the remainder when 2584 is divided by 10.
4
Calculate the remainder when 145 is divided by 78.
67
What is the remainder when 86 is divided by 59?
27
What is the remainder when 386 is divided by 274?
112
Calculate the remainder when 80 is divided by 6.
2
Calculate the remainder when 36 is divided by 17.
2
Calculate the remainder when 461 is divided by 6.
5
What is the remainder when 1417 is divided by 50?
17
What is the remainder when 47 is divided by 8?
7
Calculate the remainder when 11159 is divided by 11.
5
Calculate the remainder when 2308 is divided by 10.
8
What is the remainder when 2594 is divided by 51?
44
What is the remainder when 63 is divided by 33?
30
What is the remainder when 389 is divided by 14?
11
What is the remainder when 962 is divided by 80?
2
What is the remainder when 53 is divided by 14?
11
What is the remainder when 589 is divided by 95?
19
Calculate the remainder when 273 is divided by 53.
8
Calculate the remainder when 712 is divided by 26.
10
What is the remainder when 236 is divided by 10?
6
What is the remainder when 1629 is divided by 96?
93
Calculate the remainder when 57 is divided by 7.
1
Calculate the remainder when 3232 is divided by 7.
5
What is the remainder when 1194 is divided by 15?
9
Calculate the remainder when 957 is divided by 147.
75
Calculate the remainder when 543 is divided by 260.
23
Calculate the remainder when 532 is divided by 256.
20
Calculate the remainder when 443 is divided by 74.
73
Calculate the remainder when 798 is divided by 25.
23
Calculate the remainder when 303 is divided by 67.
35
Calculate the remainder when 656 is divided by 388.
268
Calculate the remainder when 498 is divided by 125.
123
Calculate the remainder when 144 is divided by 50.
44
Calculate the remainder when 168 is divided by 83.
2
What is the remainder when 214 is divided by 109?
105
Calculate the remainder when 236 is divided by 234.
2
Calculate the remainder when 213 is divided by 17.
9
What is the remainder when 266 is divided by 10?
6
What is the remainder when 171 is divided by 60?
51
What is the remainder when 320 is divided by 99?
23
What is the remainder when 168 is divided by 17?
15
Calculate the remainder when 1377 is divided by 106.
105
What is the remainder when 5013 is divided by 186?
177
Calculate the remainder when 189 is divided by 162.
27
What is the remainder when 245 is divided by 70?
35
What is the remainder when 401 is divided by 82?
73
Calculate the remainder when 2108 is divided by 298.
22
Calculate the remainder when 236 is divided by 30.
26
Calculate the remainder when 555 is divided by 28.
23
Calculate the remainder when 517 is divided by 26.
23
Calculate the remainder when 581 is divided by 73.
70
What is the remainder when 1466 is divided by 9?
8
Calculate the remainder when 246 is divided by 9.
3
What is the remainder when 221 is divided by 106?
9
Calculate the remainder when 427 is divided by 134.
25
Calculate the remainder when 1939 is divided by 81.
76
What is the remainder when 21425 is divided by 7?
5
Calculate the remainder when 24 is divided by 13.
11
What is the remainder when 267 is divided by 107?
53
What is the remainder when 39 is divided by 13?
0
Calculate the remainder when 484 is divided by 164.
156
Calculate the remainder when 120 is divided by 36.
12
Calculate the remainder when 346 is divided by 25.
21
Calculate the remainder when 21 is divided by 2.
1
What is the remainder when 2242 is divided by 90?
82
What is the remainder when 284 is divided by 77?
53
What is the remainder when 150 is divided by 4?
2
Calculate the remainder when 107 is divided by 91.
16
What is the remainder when 108 is divided by 17?
6
What is the remainder when 2840 is divided by 12?
8
Calculate the remainder when 87 is divided by 20.
7
What is the remainder when 1651 is divided by 823?
5
Calculate the remainder when 29 is divided by 13.
3
Calculate the remainder when 714 is divided by 11.
10
What is the remainder when 268 is divided by 57?
40
What is the remainder when 731 is divided by 210?
101
What is the remainder when 3692 is divided by 132?
128
Calculate the remainder when 146 is divided by 74.
72
Calculate the remainder when 2390 is divided by 36.
14
What is the remainder when 330 is divided by 29?
11
Calculate the remainder when 1641 is divided by 50.
41
What is the remainder when 2135 is divided by 51?
44
Calculate the remainder when 792 is divided by 61.
60
What is the remainder when 1719 is divided by 43?
42
Calculate the remainder when 549 is divided by 41.
16
What is the remainder when 15026 is divided by 17?
15
Calculate the remainder when 404 is divided by 138.
128
What is the remainder when 161 is divided by 67?
27
Calculate the remainder when 583 is divided by 9.
7
Calculate the remainder when 698 is divided by 232.
2
What is the remainder when 21 is divided by 14?
7
Calculate the remainder when 859 is divided by 36.
31
Calculate the remainder when 155 is divided by 6.
5
What is the remainder when 143 is divided by 36?
35
Calculate the remainder when 146 is divided by 52.
42
What is the remainder when 40 is divided by 12?
4
Calculate the remainder when 178 is divided by 15.
13
Calculate the remainder when 925 is divided by 94.
79
Calculate the remainder when 743 is divided by 142.
33
What is the remainder when 325 is divided by 82?
79
Calculate the remainder when 3141 is divided by 241.
8
What is the remainder when 4272 is divided by 7?
2
Calc